 + -1?
2422
In base 3, what is -1120 - 110?
-2000
In base 8, what is -650 + 54?
-574
In base 13, what is -7 - 3?
-a
In base 5, what is -12300 - 1?
-12301
In base 5, what is -102 + -1?
-103
In base 2, what is 101010110011 + 1?
101010110100
In base 7, what is 3 - -15233?
15236
In base 11, what is 458 + -1?
457
In base 5, what is -42 + 14?
-23
In base 12, what is -3a + 72?
34
In base 9, what is -1 - 746?
-747
In base 13, what is 14 + -90?
-79
In base 13, what is aa1a + -2?
aa18
In base 5, what is -24 + 22?
-2
In base 7, what is 0 - -24?
24
In base 16, what is 338 - -5?
33d
In base 12, what is aa + -1a?
90
In base 5, what is 2220 + -2?
2213
In base 13, what is 229 + 6?
232
In base 7, what is 0 - -434?
434
In base 8, what is -164 + 3?
-161
In base 15, what is 149b - 0?
149b
In base 11, what is -5 + -289?
-293
In base 13, what is -6a + 0?
-6a
In base 11, what is -726 - -26?
-700
In base 12, what is -26 - -10?
-16
In base 14, what is 4 - -ac0?
ac4
In base 9, what is -5 + 225?
220
In base 9, what is 166 + 3?
170
In base 12, what is -5 - -23a?
235
In base 7, what is 12 - -1?
13
In base 15, what is 2a2 - 3?
29e
In base 11, what is 1217 + 1?
1218
In base 4, what is -11 + -2002?
-2013
In base 6, what is 11 - -152?
203
In base 8, what is -600 - -3?
-575
In base 6, what is -1 - 1014?
-1015
In base 14, what is -66d + -6?
-675
In base 16, what is -d - 232?
-23f
In base 7, what is 32 + 55?
120
In base 9, what is -6240 - 2?
-6242
In base 3, what is -12 + 22100?
22011
In base 12, what is -3 + b09?
b06
In base 8, what is -4 - 57?
-63
In base 6, what is 1044 + 4?
1052
In base 7, what is 452 - -5?
460
In base 2, what is -1000000 - 10?
-1000010
In base 13, what is -16 - -aa?
94
In base 8, what is 14 + 2?
16
In base 15, what is 3 + 31?
34
In base 10, what is -5096 + 2?
-5094
In base 9, what is -25 - 2?
-27
In base 4, what is 3 + 1122?
1131
In base 3, what is -100212002 - -10?
-100211222
In base 6, what is 10 - 10113?
-10103
In base 8, what is 26 + -4?
22
In base 14, what is -1a9 - 20?
-1c9
In base 11, what is 781 + 1?
782
In base 7, what is 65 - 14?
51
In base 12, what is 768 + 5?
771
In base 5, what is -144333 + 2?
-144331
In base 7, what is 4 - 123?
-116
In base 10, what is -176 + -4?
-180
In base 14, what is -1 - -5d?
5c
In base 3, what is -100 + -100?
-200
In base 6, what is 1511 - -30?
1541
In base 7, what is -3064 + -5?
-3102
In base 10, what is -28464 - 0?
-28464
In base 11, what is 4 + -47?
-43
In base 14, what is -35 - -2b?
-8
In base 10, what is -971 + 1?
-970
In base 8, what is -54 + 314?
240
In base 3, what is 10 + 2?
12
In base 3, what is -22001 - 2212?
-101220
In base 8, what is -303 + 34?
-247
In base 10, what is 4 + -22?
-18
In base 8, what is 26 + -10?
16
In base 3, what is -20101 + 12?
-20012
In base 6, what is -3 + 12?
5
In base 6, what is -1313 + 10?
-1303
In base 15, what is -d0 - 3?
-d3
In base 5, what is -332 + -1?
-333
In base 13, what is -1 - 126?
-127
In base 8, what is -2 + -6?
-10
In base 10, what is 1 - 303?
-302
In base 16, what is -18 - -8?
-10
In base 4, what is -1033 - -13?
-1020
In base 16, what is -184 + -2?
-186
In base 5, what is -222 - 2?
-224
In base 10, what is 299 + 1?
300
In base 12, what is 0 - -1983?
1983
In base 2, what is 10 - -100?
110
In base 14, what is -4 + 26?
22
In base 8, what is 4 + -770?
-764
In base 16, what is -1d - -4?
-19
In base 8, what is -4 + -71?
-75
In base 10, what is -2 - -18?
16
In base 14, what is -5 + 53a?
535
In base 4, what is -20 - -303?
223
In base 6, what is 24453 + 5?
24502
In base 4, what is 1330022 - 2?
1330020
In base 12, what is 6a - 5?
65
In base 11, what is 19 + 5?
23
In base 5, what is 4122 - -3?
4130
In base 14, what is -4 + 452?
44c
In base 7, what is -35 + -143?
-211
In base 5, what is 1040 + -10?
1030
In base 12, what is 1b3 - 4?
1ab
In base 12, what is 1047 + 3?
104a
In base 11, what is -16 - -1?
-15
In base 7, what is -65 + 163?
65
In base 14, what is 1 - -204?
205
In base 14, what is bb + -1?
ba
In base 14, what is -2135 + -5?
-213a
In base 3, what is -1111101 - 2?
-1111110
In base 12, what is 2 + -108?
-106
In base 10, what is 10 + -17?
-7
In base 5, what is 1 + 100330?
100331
In base 8, what is 2 + -414?
-412
In base 10, what is -1 + 1325?
1324
In base 2, what is 101 - -11101001?
11101110
In base 2, what is -1 + -1001001?
-1001010
In base 9, what is 3 + -161?
-157
In base 8, what is 3 + -73?
-70
In base 9, what is -5535 - 3?
-5538
In base 16, what is 8 - 27?
-1f
In base 7, what is -3 + 3052?
3046
In base 6, what is 3 - 14240?
-14233
In base 14, what is 34 - d?
25
In base 4, what is 11 + -202?
-131
In base 8, what is -5 - 1254?
-1261
In base 5, what is -14 + -10?
-24
In base 9, what is 160 - 64?
85
In base 9, what is 4 - 2606?
-2602
In base 3, what is 21211 - 12?
21122
In base 12, what is 163a - 0?
163a
In base 16, what is -4 + 5a?
56
In base 2, what is -1111101100101 - 11?
-1111101101000
In base 10, what is 27 - -5?
32
In base 6, what is -141 - -23?
-114
In base 5, what is -4 - -10413?
10404
In base 7, what is -2 + -11?
-13
In base 7, what is -2 + 4132?
4130
In base 6, what is 101250 + -5?
101241
In base 8, what is 2 - -17?
21
In base 4, what is -3 - 1302?
-1311
In base 8, what is -2616 - -2?
-2614
In base 7, what is 30 - -2?
32
In base 2, what is 1000111100001000 + -1?
1000111100000111
In base 12, what is 0 - 57b?
-57b
In base 9, what is 772 - 5?
766
In base 15, what is 15 + a?
20
In base 7, what is -61 + -2023?
-2114
In base 3, what is 22 - -2?
101
In base 15, what is 5a3 + 1?
5a4
In base 14, what is 81 + 2?
83
In base 10, what is 5 - 272?
-267
In base 3, what is -1211122 - -20?
-1211102
In base 13, what is 23 + 3?
26
In base 11, what is 409 - 0?
409
In base 4, what is -1100 - 2?
-1102
In base 13, what is 19 - -7?
23
In base 8, what is 13 - 35?
-22
In base 5, what is -13 - -311?
243
In base 11, what is 1 - 261?
-260
In base 8, what is -274 + -3?
-277
In base 3, what is -100112 - -12?
-100100
In base 16, what is 149 + 14?
15d
In base 12, what is 3 - -145b?
1462
In base 16, what is -8 - d8?
-e0
In base 14, what is 0 + 14?
14
In base 15, what is 5 - 74?
-6e
In base 7, what is -1 + 2440?
2436
In base 8, what is 7 - -202?
211
In base 12, what is -2 - -39?
37
In base 13, what is -2 - 1aa?
-1ac
In base 5, what is -2 - 240?
-242
In base 2, what is -100 + 1100110?
1100010
In base 7, what is -600 + -11?
-611
In base 13, what is 797 - 3?
794
In base 9, what is -464 - -2?
-462
In base 11, what is 139 - 2?
137
In base 3, what is 1000 + 1000?
2000
In base 4, what is 0 - 302?
-302
In base 3, what is -112 + -1000102?
-1000221
In base 4, what is 3013 - 1?
3012
In base 6, what is -110 + 430?
320
In base 3, what is -110 + -100212?
-101022
In base 4, what is 1000023 + 10?
1000033
In base 4, what is 3120 + 232?
10012
In base 16, what is 1 - 4c?
-4b
In base 14, what is -5 - -189?
184
In base 16, what is -a + -ab?
-b5
In base 8, what is 34 + 132?
166
In base 9, what is -2132 + 4?
-2127
In base 12, what is 6 - -18?
22
In base 14, what is 23 - 3?
20
In base 14, what is -6 + -c0?
-c6
In base 12, what is 18 + 5?
21
In base 4, what is 102 + 202?
310
In base 8, what is 1 + 145?
146
In base 4, what is 3 - -1000?
1003
In base 11, what is 2 - 4730?
-4729
In base 5, what is 4101 + -2?
4044
In base 7, what is 126 + 1?
130
In base 5, what is -32333 - 0?
-32333
In base 8, what is -2 - -6311?
6307
In base 10, what is -105 - -4?
-101
In base 12, what is -21638 - -5?
-21633
In base 12, what is 11 + -10?
1
In base 2, what is 1100 + -111111101?
-111110001
In base 2, what is -101110 + 1100?
-100010
In base 5, what is -112 + -242?
-404
In base 2, what is 11000100 - -1111?
11010011
In base 16, what is -4 + 510?
50c
In base 9, what is 703 - 2?
701
In base 14, what is 1a - 5?
15
In base 15, what is -18 - 1?
-19
In base 5, what is 23020 + -3?
23012
In base 3, what is -11 - 1112?
-1200
In base 7, what is -3 + 124?
121
In base 12, what is 4 - -571?
575
In base 14, what is 16 - -5c?
74
In base 8, what is 63 - 2?
61
In base 14, what is 5 + -125?
-120
In base 12, what is -702 + 4?
-6ba
In base 2, what is 101 + 11110?
100011
In base 6, what is 30 + -20?
10
In base 15, what is -25a + 0?
-25a
In base 6, what is -13323 + 5?
-13314
In base 2, what is -1011011 - 101101?
-10001000
In base 15, what is -3 - 73?
-76
In base 6, what